y**2 - 850*y - 14438. Calculate d(-17).
12
Let j(b) = -b**3 - 16*b**2 + 278*b - 475. Calculate j(9).
2
Let g(b) = -43*b**2 - 466*b + 100. Determine g(-11).
23
Let w(n) = 127855*n - 639296. What is w(5)?
-21
Let y(i) = i**3 + 184*i**2 - 3881*i + 280890. Determine y(-209).
-6
Let i(g) = 6936*g - 13850. Calculate i(2).
22
Let y(w) = 10887*w - 65243. Calculate y(6).
79
Let o(l) = -346*l - 22181. What is o(-63)?
-383
Let k(b) = -b**2 + 651*b + 46493. Give k(-65).
-47
Let k(j) = -21328*j - 21339. Give k(-1).
-11
Let o(m) = 644*m - 4520. Calculate o(7).
-12
Let l(t) = -t**3 - 38*t**2 - 364*t - 33. Determine l(-20).
47
Let r(i) = i**3 - 64*i**2 + 667*i - 311. What is r(51)?
-107
Let m(p) = 3*p**3 + 150*p**2 - 45*p - 3837. Calculate m(-50).
-1587
Let t(s) = 9*s**3 + 157*s**2 + 449*s + 3860. Determine t(-16).
4
Let b(y) = 33*y**2 - 10398*y - 9488. Give b(316).
-8
Let w(k) = 4814983*k + 28889893. Calculate w(-6).
-5
Let m(z) = 7*z**2 + 427*z - 3488. What is m(8)?
376
Let h(b) = 385*b - 1722. What is h(4)?
-182
Let y(f) = 1773*f**2 + 76*f + 76. Give y(-1).
1773
Let x(l) = -l**3 - 1515*l**2 - 6024*l + 19. Give x(-4).
-61
Let f(n) = n**3 + 90*n**2 + 276*n + 24851. Calculate f(-90).
11
Let q(d) = 234*d + 4866. Give q(-35).
-3324
Let j(q) = -20*q + 68. What is j(-8)?
228
Let j(c) = 3*c**3 + 264*c**2 - 132*c - 10993. Give j(-88).
623
Let l(p) = 5877*p + 2944434. Give l(-501).
57
Let n(p) = -746*p - 78. What is n(1)?
-824
Let p(z) = 8*z**2 + 204*z + 1244. Calculate p(-13).
-56
Let a(m) = 149886*m + 3597263. Determine a(-24).
-1
Let a(n) = -n**3 - 563*n**2 - 57193*n - 413. What is a(-133)?
-14
Let h(a) = 4*a**3 + 150*a**2 - 7904*a + 132. What is h(-67)?
-2
Let o(k) = k**2 + 7287*k - 182808. Give o(25).
-8
Let a(k) = -125*k - 1846. Give a(-26).
1404
Let b(i) = 47574*i + 1569928. Give b(-33).
-14
Let t(p) = 11344*p + 17493. What is t(-2)?
-5195
Let v(g) = 3*g**3 - 495*g**2 + 510*g - 3075. What is v(164)?
-123
Let r(m) = 15*m**3 - 9343*m**2 - 1212*m - 21172. What is r(623)?
10
Let z(c) = 1017*c + 8320. Calculate z(-8).
184
Let q(a) = -2*a**3 + 48*a**2 - 97*a + 1051. What is q(23)?
-122
Let a(d) = -7*d**3 - 262*d**2 + 177*d + 928. Give a(-38).
-22
Let u(b) = 324*b**2 - 630*b + 62. What is u(2)?
98
Let n(q) = -11806*q - 94397. Calculate n(-8).
51
Let l(a) = -64*a**2 - 367*a + 5. Determine l(-4).
449
Let n(f) = -4871*f + 1349287. What is n(277)?
20
Let v(p) = 171*p**2 + 47*p + 1. Calculate v(-2).
591
Let h(t) = t**2 - 724*t + 119296. Calculate h(468).
-512
Let v(f) = 6*f**2 + 14536*f - 29059. Calculate v(2).
37
Let i(j) = -102*j**3 - 1230*j**2 - 72*j + 38. What is i(-12)?
38
Let v(x) = -2*x**2 + 210*x + 31069. Determine v(188).
-139
Let o(y) = -6*y**2 - 294*y + 6743. Calculate o(-66).
11
Let q(c) = -785*c + 9544. Give q(12).
124
Let h(c) = -1769*c + 19672. What is h(11)?
213
Let r(p) = 10188*p + 91942. Determine r(-9).
250
Let b(k) = -5*k**3 - 4256*k**2 + 3323*k - 72412. Give b(-852).
8
Let y(h) = 3115*h - 18757. Determine y(6).
-67
Let k(l) = -4727*l + 18930. What is k(4)?
22
Let i(a) = 1263*a + 18063. Determine i(-16).
-2145
Let u(j) = j**2 + 270637*j - 541282. Calculate u(2).
-4
Let s(j) = -27*j**3 - 3*j**2 - 6*j - 11. What is s(-2)?
205
Let m(t) = -3*t**2 - 221*t - 2308. What is m(-22)?
1102
Let b(r) = -3*r**2 + 120*r - 1427. Determine b(19).
-230
Let p(s) = -12*s**3 - 3731*s**2 - 14434*s - 1524. Give p(-307).
11
Let f(g) = -3*g**2 - 52449*g + 1470928. What is f(28)?
4
Let a(s) = 2*s**3 - 98*s**2 - 16626*s - 4040. Calculate a(119).
6
Let d(x) = -207*x**3 + 7019*x**2 + 613*x + 18. What is d(34)?
-1104
Let y(o) = 2*o**2 + 54410*o + 978729. Give y(-18).
-3
Let f(l) = 2*l**3 - 127*l**2 + 514*l + 1177. Determine f(59).
174
Let t(i) = -20497*i - 123101. Calculate t(-6).
-119
Let p(a) = -a**2 - 38*a + 65804. Calculate p(238).
116
Let s(p) = 887*p + 178339. Give s(-201).
52
Let u(d) = d**3 + 130*d**2 + 3082*d + 1271. Calculate u(-99).
-16
Let t(b) = 473*b + 35010. Calculate t(-73).
481
Let l(t) = -12*t**2 - 3583*t - 21452. Calculate l(-6).
-386
Let x(w) = 73*w - 609. Calculate x(36).
2019
Let x(c) = -c**3 + 66*c**2 - 1061*c + 54935. Determine x(63).
-1
Let u(g) = 92*g**2 + 404*g - 1604. Calculate u(4).
1484
Let i(a) = -67*a**2 - 2763*a - 30. Determine i(-41).
626
Let z(d) = d**3 + 65*d**2 - 50*d - 3435. What is z(-65)?
-185
Let d(m) = 38*m**2 + 1757*m + 390. Give d(-46).
-24
Let k(m) = 20*m**2 + 354*m + 1431. Determine k(-4).
335
Let v(m) = -13*m**3 - 191*m**2 + 77*m + 27. Determine v(-15).
-228
Let z(r) = 48*r**3 + 1440*r**2 - 14*r - 442. Calculate z(-30).
-22
Let n(c) = c**3 - 21*c**2 + 925*c - 19433. Give n(21).
-8
Let m(o) = -9*o**2 + 199*o - 1134. Give m(13).
-68
Let c(g) = -7726*g - 494563. Determine c(-64).
-99
Let p(c) = -c**2 - 111164*c + 778188. What is p(7)?
-9
Let o(k) = -2*k**2 + 308*k - 9395. What is o(97)?
1663
Let i(r) = -r**3 + 42*r**2 + 47*r + 1345. Give i(44).
-459
Let h(m) = 5*m**3 - 364*m**2 - 14242*m + 99. Give h(101).
-2
Let u(j) = -2136*j - 514789. Calculate u(-241).
-13
Let w(g) = 2034*g - 119966. Determine w(59).
40
Let h(o) = o**2 - 561*o + 46493. What is h(101)?
33
Let b(g) = -g**3 + 303*g**2 + 143931*g + 2828. Give b(-257).
1
Let q(x) = x**3 - 30*x**2 - 235*x + 8546. What is q(27)?
14
Let b(g) = g**3 - 127*g**2 - 400*g - 1664. Determine b(130).
-2964
Let i(b) = -335*b**2 + 88437*b + 819. Determine i(264).
27
Let j(t) = t**2 + 19*t - 332. Give j(-18).
-350
Let x(s) = -3*s**3 + 99*s**2 + 95*s + 231. Give x(34).
-7
Let k(o) = -1509*o - 374242. Determine k(-248).
-10
Let c(t) = -5*t**2 + 559*t - 14563. Calculate c(70).
67
Let u(j) = 20*j**2 + 91*j + 15. Determine u(-9).
816
Let n(c) = c**2 + 33*c - 169. Give n(-45).
371
Let a(b) = -b**3 - 10*b**2 - 64060*b - 576432. Calculate a(-9).
27
Let c(q) = 1802*q**2 + 392837*q + 463. Calculate c(-218).
245
Let n(z) = 12*z**2 - 95581*z + 95577. Determine n(1).
8
Let w(a) = 970*a**3 - 41*a**2 - 41*a - 1. What is w(-1)?
-971
Let o(v) = -1018*v**2 - 52932*v + 228. Calculate o(-52).
20
Let c(s) = -4*s**2 + 128808*s + 515294. What is c(-4)?
-2
Let r(v) = 6*v**2 - 989*v - 10490. Give r(-10).
0
Let p(z) = -551*z - 170660. Calculate p(-310).
150
Let w(o) = 8*o**2 + 651*o + 12258. Give w(-54).
432
Let i(l) = -24*l**3 - 167*l**2 - 383*l - 93. Calculate i(-2).
197
Let k(z) = 42156*z + 421918. Determine k(-10).
358
Let z(m) = -m**2 + 548*m - 67361. Calculate z(186).
-29
Let w(i) = 5*i**2 - 211*i - 395. Give w(44).
1
Let o(w) = 1790*w + 209420. Give o(-117).
-10
Let s(b) = 1115*b + 8931. Determine s(-8).
11
Let c(o) = 3*o**2 + 127*o - 234. Give c(-19).
-1564
Let h(b) = 608*b**3 - 551*b**2. Calculate h(1).
57
Let p(g) = 377*g**2 - 6880*g + 6876. What is p(1)?
373
Let w(p) = p**2 + 56*p - 4437. What is w(-104)?
555
Let s(u) = -u**2 - 446*u + 83520. Calculate s(142).
24
Let w(x) = -5*x**3 - 53*x**2 + 54*x - 143. Give w(-12).
217
Let l(d) = -3*d**2 - 1359*d + 28361. What is l(-473)?
-19
Let l(t) = t**3 - 20*t**2 + 1766*t - 16660. Give l(10).
0
Let f(s) = -s**2 + 1468*s - 73587. What is f(52)?
45
Let q(b) = -b**3 - 61*b**2 - 932*b - 327. Calculate q(-32).
-199
Let q(c) = c**3 - 18*c**2 + 42*c + 35. Give q(4).
-21
Let u(z) = -5*z**3 - 4043*z**2 + 1472*z - 118097. Give u(-809).
17
Let y(f) = 3*f**2 + 737*f + 8910. Give y(-229).
-2540
Let k(v) = 18*v**2 - 451*v + 1673. Calculate k(21).
140
Let n(x) = 176*x**3 + 9*x**2 - 9*x - 1. What is n(1)?
175
Let i(b) = 22*b**2 - 50*b - 1378. Give i(-10).
1322
Let g(x) = -11*x**2 - 6444*x - 43430. What is g(-579)?
-5
Let f(c) = 3*c**2 - 483*c + 18189. Determine f(101).
9
Let h(t) = 384*t**2 + 17296*t + 709. Determine h(-45).
-11
Let k(s) = -50054*s**2 - 250271*s - 1. Determine k(-5).
4
Let k(y) = y**2 - 57*y - 89488. Determine k(329).
0
Let v(u) = 1231*u + 12280. Calculate v(-10).
-30
Let h(w) = -655*w + 73292. What is h(112)?
-68
Let g(y) = -2*y**2 + 4265*y - 1674828. What is g(519)?
-15
Let h(a) = -61965*a + 1858957. Give h(30).
7
Let v(x) = x**2 + 385*x - 54800. Determine v(112).
864
Let s(k) = -112*k**2 + 1566*k + 11. What is s(14)?
-17
Let c(g) = 16*g**2 + 59003*g - 177158. Calculate c(3).
-5
Let j(a) = -3*a**3 + 13*a**2 - 2*a - 10. Determine j(4).
-2
Let p(d) = -167*d + 2819. What is p(13)?
648
Let z(h) = -237*h**3 + 3*h**2 + 19*h + 20. What is z(-2)?
1890
Let f(p) = -2*p**3 - 11*